{"id":50,"date":"2025-12-03T11:31:19","date_gmt":"2025-12-03T11:31:19","guid":{"rendered":"https:\/\/desguaceselcamponpravia.com\/index.php\/inicio\/"},"modified":"2026-01-30T20:27:25","modified_gmt":"2026-01-30T20:27:25","slug":"inicio","status":"publish","type":"page","link":"https:\/\/desguaceselcamponpravia.com\/","title":{"rendered":"Inicio"},"content":{"rendered":"\t\t<div data-elementor-type=\"wp-page\" data-elementor-id=\"50\" class=\"elementor elementor-50\" data-elementor-post-type=\"page\">\n\t\t\t\t<div class=\"elementor-element elementor-element-ffc6528 e-grid e-con-boxed e-con e-parent\" data-id=\"ffc6528\" data-element_type=\"container\">\n\t\t\t\t\t<div class=\"e-con-inner\">\n\t\t\t\t<div class=\"elementor-element elementor-element-bc859ae elementor--h-position-center elementor--v-position-middle elementor-widget elementor-widget-slides\" data-id=\"bc859ae\" data-element_type=\"widget\" data-settings=\"{&quot;navigation&quot;:&quot;none&quot;,&quot;autoplay_speed&quot;:3000,&quot;transition&quot;:&quot;fade&quot;,&quot;transition_speed&quot;:1200,&quot;autoplay&quot;:&quot;yes&quot;,&quot;pause_on_hover&quot;:&quot;yes&quot;,&quot;pause_on_interaction&quot;:&quot;yes&quot;,&quot;infinite&quot;:&quot;yes&quot;}\" data-widget_type=\"slides.default\">\n\t\t\t\t\t\t\t\t\t\t<div class=\"elementor-slides-wrapper elementor-main-swiper swiper\" role=\"region\" aria-roledescription=\"carousel\" aria-label=\"Slides\" dir=\"ltr\" data-animation=\"fadeInUp\">\n\t\t\t\t<div class=\"swiper-wrapper elementor-slides\">\n\t\t\t\t\t\t\t\t\t\t<div class=\"elementor-repeater-item-5729dee swiper-slide\" role=\"group\" aria-roledescription=\"slide\"><div class=\"swiper-slide-bg\" role=\"img\"><\/div><div class=\"swiper-slide-inner\" ><div class=\"swiper-slide-contents\"><\/div><\/div><\/div><div class=\"elementor-repeater-item-bfd866a swiper-slide\" role=\"group\" aria-roledescription=\"slide\"><div class=\"swiper-slide-bg\" role=\"img\"><\/div><div class=\"swiper-slide-inner\" ><div class=\"swiper-slide-contents\"><\/div><\/div><\/div><div class=\"elementor-repeater-item-1848dd5 swiper-slide\" role=\"group\" aria-roledescription=\"slide\"><div class=\"swiper-slide-bg\" role=\"img\"><\/div><div class=\"swiper-slide-inner\" ><div class=\"swiper-slide-contents\"><\/div><\/div><\/div><div class=\"elementor-repeater-item-c28fccc swiper-slide\" role=\"group\" aria-roledescription=\"slide\"><div class=\"swiper-slide-bg\" role=\"img\"><\/div><div class=\"swiper-slide-inner\" ><div class=\"swiper-slide-contents\"><\/div><\/div><\/div><div class=\"elementor-repeater-item-9dd6747 swiper-slide\" role=\"group\" aria-roledescription=\"slide\"><div class=\"swiper-slide-bg\" role=\"img\"><\/div><div class=\"swiper-slide-inner\" ><div class=\"swiper-slide-contents\"><\/div><\/div><\/div><div class=\"elementor-repeater-item-d7b98b6 swiper-slide\" role=\"group\" aria-roledescription=\"slide\"><div class=\"swiper-slide-bg\" role=\"img\"><\/div><div class=\"swiper-slide-inner\" ><div class=\"swiper-slide-contents\"><\/div><\/div><\/div>\t\t\t\t<\/div>\n\t\t\t\t\t\t\t\t\t\t\t\t\t\t\t\t\t\t\t\t\t<\/div>\n\t\t\t\t\t\t\t\t<\/div>\n\t\t\t\t\t<\/div>\n\t\t\t\t<\/div>\n\t\t<div class=\"elementor-element elementor-element-76d422b e-flex e-con-boxed e-con e-parent\" data-id=\"76d422b\" data-element_type=\"container\" data-settings=\"{&quot;background_background&quot;:&quot;classic&quot;}\">\n\t\t\t\t\t<div class=\"e-con-inner\">\n\t\t<div class=\"elementor-element elementor-element-a2cc6e0 e-con-full e-flex e-con e-child\" data-id=\"a2cc6e0\" data-element_type=\"container\">\n\t\t\t\t<div class=\"elementor-element elementor-element-2d6e2ec elementor-widget__width-initial elementor-widget elementor-widget-text-editor\" data-id=\"2d6e2ec\" data-element_type=\"widget\" data-widget_type=\"text-editor.default\">\n\t\t\t\t\t\t\t\t\t<div id=\"comp-il5csysb\" class=\"Z_l5lU MMl86N zQ9jDz qvSjx3 Vq6kJx comp-il5csysb wixui-rich-text\" data-testid=\"richTextElement\"><h6 class=\"font_6 wixui-rich-text__text\"><strong><span style=\"color: #ffffff;\"><span class=\"color_13 wixui-rich-text__text\"><span class=\"wixui-rich-text__text\">REPUESTOS<\/span><\/span><\/span><\/strong><\/h6><\/div><div id=\"comp-il5csysr\" class=\"Z_l5lU MMl86N zQ9jDz qvSjx3 Vq6kJx comp-il5csysr wixui-rich-text\" data-testid=\"richTextElement\">Disponemos de un grand\u00edsimo cat\u00e1logo de repuestos de todas las marcas y modelos<\/div>\t\t\t\t\t\t\t\t<\/div>\n\t\t\t\t<\/div>\n\t\t<div class=\"elementor-element elementor-element-650b6e1 e-con-full e-flex e-con e-child\" data-id=\"650b6e1\" data-element_type=\"container\">\n\t\t\t\t<div class=\"elementor-element elementor-element-39f27ee elementor-widget__width-initial elementor-widget elementor-widget-text-editor\" data-id=\"39f27ee\" data-element_type=\"widget\" data-widget_type=\"text-editor.default\">\n\t\t\t\t\t\t\t\t\t<div id=\"comp-il5csysb\" class=\"Z_l5lU MMl86N zQ9jDz qvSjx3 Vq6kJx comp-il5csysb wixui-rich-text\" data-testid=\"richTextElement\"><h6 class=\"font_6 wixui-rich-text__text\"><span style=\"color: #ffffff;\"><strong><span class=\"color_13 wixui-rich-text__text\"><span class=\"wixui-rich-text__text\">SERVICIO DE REPARTO<\/span><\/span><\/strong><\/span><\/h6><\/div><div id=\"comp-il5csysr\" class=\"Z_l5lU MMl86N zQ9jDz qvSjx3 Vq6kJx comp-il5csysr wixui-rich-text\" data-testid=\"richTextElement\"><p class=\"font_8 wixui-rich-text__text\"><span class=\"color_13 wixui-rich-text__text\" style=\"color: #ffffff;\">Contamos con varios veh\u00edculos para el reparto de todos de nuestros recambios<\/span><span class=\"color_13 wixui-rich-text__text\"><\/span><\/p><\/div>\t\t\t\t\t\t\t\t<\/div>\n\t\t\t\t<\/div>\n\t\t<div class=\"elementor-element elementor-element-f323311 e-con-full e-flex e-con e-child\" data-id=\"f323311\" data-element_type=\"container\">\n\t\t\t\t<div class=\"elementor-element elementor-element-0f86b18 elementor-widget__width-initial elementor-widget elementor-widget-text-editor\" data-id=\"0f86b18\" data-element_type=\"widget\" data-widget_type=\"text-editor.default\">\n\t\t\t\t\t\t\t\t\t<div id=\"comp-il5csysb\" class=\"Z_l5lU MMl86N zQ9jDz qvSjx3 Vq6kJx comp-il5csysb wixui-rich-text\" data-testid=\"richTextElement\"><h6 class=\"font_6 wixui-rich-text__text\"><span style=\"color: #ffffff;\"><strong><span class=\"color_13 wixui-rich-text__text\"><span class=\"wixui-rich-text__text\">GESTION DE RESIDUOS<\/span><\/span><\/strong><\/span><\/h6><\/div><div id=\"comp-il5csysr\" class=\"Z_l5lU MMl86N zQ9jDz qvSjx3 Vq6kJx comp-il5csysr wixui-rich-text\" data-testid=\"richTextElement\"><p class=\"font_8 wixui-rich-text__text\"><span class=\"color_13 wixui-rich-text__text\" style=\"color: #ffffff;\">Reciclamos todos los elementos que pueden ser nocivos para el medio ambiente: Aceites, \u00e1cidos.<\/span><span class=\"color_13 wixui-rich-text__text\"><\/span><\/p><\/div>\t\t\t\t\t\t\t\t<\/div>\n\t\t\t\t<\/div>\n\t\t\t\t\t<\/div>\n\t\t\t\t<\/div>\n\t\t<div class=\"elementor-element elementor-element-7f598fb e-flex e-con-boxed e-con e-parent\" data-id=\"7f598fb\" data-element_type=\"container\" data-settings=\"{&quot;background_background&quot;:&quot;classic&quot;}\">\n\t\t\t\t\t<div class=\"e-con-inner\">\n\t\t\t\t<div class=\"elementor-element elementor-element-1516c6e elementor-widget elementor-widget-heading\" data-id=\"1516c6e\" data-element_type=\"widget\" data-widget_type=\"heading.default\">\n\t\t\t\t\t<h2 class=\"elementor-heading-title elementor-size-default\">VEN Y VISITANOS<\/h2>\t\t\t\t<\/div>\n\t\t\t\t\t<\/div>\n\t\t\t\t<\/div>\n\t\t<div class=\"elementor-element elementor-element-4de2f37 e-con-full e-flex e-con e-parent\" data-id=\"4de2f37\" data-element_type=\"container\">\n\t\t\t\t<div class=\"elementor-element elementor-element-cd958bd elementor-widget__width-initial elementor-widget elementor-widget-video\" data-id=\"cd958bd\" data-element_type=\"widget\" data-settings=\"{&quot;youtube_url&quot;:&quot;https:\\\/\\\/youtu.be\\\/L--TOcDrl34?si=yes63ECVuUebpUy7&quot;,&quot;video_type&quot;:&quot;youtube&quot;,&quot;controls&quot;:&quot;yes&quot;}\" data-widget_type=\"video.default\">\n\t\t\t\t\t\t\t<div class=\"elementor-wrapper elementor-open-inline\">\n\t\t\t<div class=\"elementor-video\"><\/div>\t\t<\/div>\n\t\t\t\t\t\t<\/div>\n\t\t\t\t<\/div>\n\t\t<div class=\"elementor-element elementor-element-db443c1 e-flex e-con-boxed e-con e-parent\" data-id=\"db443c1\" data-element_type=\"container\" data-settings=\"{&quot;background_background&quot;:&quot;classic&quot;}\">\n\t\t\t\t\t<div class=\"e-con-inner\">\n\t\t\t\t<div class=\"elementor-element elementor-element-1d4b745 elementor-widget elementor-widget-heading\" data-id=\"1d4b745\" data-element_type=\"widget\" data-widget_type=\"heading.default\">\n\t\t\t\t\t<h2 class=\"elementor-heading-title elementor-size-default\">LAS MEJORES OFERTAS PARA RECAMBIOS DE TU VEHICULO<\/h2>\t\t\t\t<\/div>\n\t\t\t\t\t<\/div>\n\t\t\t\t<\/div>\n\t\t<div class=\"elementor-element elementor-element-undefined-bcfc407 e-flex e-con-boxed e-con e-parent\" data-id=\"undefined-bcfc407\" data-element_type=\"container\" data-settings=\"{&quot;background_background&quot;:&quot;classic&quot;}\">\n\t\t\t\t\t<div class=\"e-con-inner\">\n\t\t<div class=\"elementor-element elementor-element-undefined-6a17f39 e-con-full e-flex e-con e-child\" data-id=\"undefined-6a17f39\" data-element_type=\"container\">\n\t\t\t\t<div class=\"elementor-element elementor-element-d3dfcb4 elementor-view-default elementor-widget elementor-widget-icon\" data-id=\"d3dfcb4\" data-element_type=\"widget\" data-widget_type=\"icon.default\">\n\t\t\t\t\t\t\t<div class=\"elementor-icon-wrapper\">\n\t\t\t<div class=\"elementor-icon\">\n\t\t\t<svg aria-hidden=\"true\" class=\"e-font-icon-svg e-fas-map-marker-alt\" viewBox=\"0 0 384 512\" xmlns=\"http:\/\/www.w3.org\/2000\/svg\"><path d=\"M172.268 501.67C26.97 291.031 0 269.413 0 192 0 85.961 85.961 0 192 0s192 85.961 192 192c0 77.413-26.97 99.031-172.268 309.67-9.535 13.774-29.93 13.773-39.464 0zM192 272c44.183 0 80-35.817 80-80s-35.817-80-80-80-80 35.817-80 80 35.817 80 80 80z\"><\/path><\/svg>\t\t\t<\/div>\n\t\t<\/div>\n\t\t\t\t\t\t<\/div>\n\t\t\t\t<div class=\"elementor-element elementor-element-undefined-8793b9b elementor-widget elementor-widget-heading\" data-id=\"undefined-8793b9b\" data-element_type=\"widget\" data-widget_type=\"heading.default\">\n\t\t\t\t\t<h2 class=\"elementor-heading-title elementor-size-default\">Siempre a su servicio<\/h2>\t\t\t\t<\/div>\n\t\t\t\t<\/div>\n\t\t<div class=\"elementor-element elementor-element-undefined-95fbef0 e-con-full e-flex e-con e-child\" data-id=\"undefined-95fbef0\" data-element_type=\"container\">\n\t\t\t\t<div class=\"elementor-element elementor-element-eba1dda elementor-view-default elementor-widget elementor-widget-icon\" data-id=\"eba1dda\" data-element_type=\"widget\" data-widget_type=\"icon.default\">\n\t\t\t\t\t\t\t<div class=\"elementor-icon-wrapper\">\n\t\t\t<div class=\"elementor-icon\">\n\t\t\t<svg aria-hidden=\"true\" class=\"e-font-icon-svg e-fas-dollar-sign\" viewBox=\"0 0 288 512\" xmlns=\"http:\/\/www.w3.org\/2000\/svg\"><path d=\"M209.2 233.4l-108-31.6C88.7 198.2 80 186.5 80 173.5c0-16.3 13.2-29.5 29.5-29.5h66.3c12.2 0 24.2 3.7 34.2 10.5 6.1 4.1 14.3 3.1 19.5-2l34.8-34c7.1-6.9 6.1-18.4-1.8-24.5C238 74.8 207.4 64.1 176 64V16c0-8.8-7.2-16-16-16h-32c-8.8 0-16 7.2-16 16v48h-2.5C45.8 64-5.4 118.7.5 183.6c4.2 46.1 39.4 83.6 83.8 96.6l102.5 30c12.5 3.7 21.2 15.3 21.2 28.3 0 16.3-13.2 29.5-29.5 29.5h-66.3C100 368 88 364.3 78 357.5c-6.1-4.1-14.3-3.1-19.5 2l-34.8 34c-7.1 6.9-6.1 18.4 1.8 24.5 24.5 19.2 55.1 29.9 86.5 30v48c0 8.8 7.2 16 16 16h32c8.8 0 16-7.2 16-16v-48.2c46.6-.9 90.3-28.6 105.7-72.7 21.5-61.6-14.6-124.8-72.5-141.7z\"><\/path><\/svg>\t\t\t<\/div>\n\t\t<\/div>\n\t\t\t\t\t\t<\/div>\n\t\t\t\t<div class=\"elementor-element elementor-element-undefined-e9527b0 elementor-widget elementor-widget-heading\" data-id=\"undefined-e9527b0\" data-element_type=\"widget\" data-widget_type=\"heading.default\">\n\t\t\t\t\t<h2 class=\"elementor-heading-title elementor-size-default\">Grandes Ofertas<\/h2>\t\t\t\t<\/div>\n\t\t\t\t<\/div>\n\t\t<div class=\"elementor-element elementor-element-e948165 e-con-full e-flex e-con e-child\" data-id=\"e948165\" data-element_type=\"container\">\n\t\t\t\t<div class=\"elementor-element elementor-element-3fa8b6a elementor-view-default elementor-widget elementor-widget-icon\" data-id=\"3fa8b6a\" data-element_type=\"widget\" data-widget_type=\"icon.default\">\n\t\t\t\t\t\t\t<div class=\"elementor-icon-wrapper\">\n\t\t\t<div class=\"elementor-icon\">\n\t\t\t<svg aria-hidden=\"true\" class=\"e-font-icon-svg e-far-star\" viewBox=\"0 0 576 512\" xmlns=\"http:\/\/www.w3.org\/2000\/svg\"><path d=\"M528.1 171.5L382 150.2 316.7 17.8c-11.7-23.6-45.6-23.9-57.4 0L194 150.2 47.9 171.5c-26.2 3.8-36.7 36.1-17.7 54.6l105.7 103-25 145.5c-4.5 26.3 23.2 46 46.4 33.7L288 439.6l130.7 68.7c23.2 12.2 50.9-7.4 46.4-33.7l-25-145.5 105.7-103c19-18.5 8.5-50.8-17.7-54.6zM388.6 312.3l23.7 138.4L288 385.4l-124.3 65.3 23.7-138.4-100.6-98 139-20.2 62.2-126 62.2 126 139 20.2-100.6 98z\"><\/path><\/svg>\t\t\t<\/div>\n\t\t<\/div>\n\t\t\t\t\t\t<\/div>\n\t\t\t\t<div class=\"elementor-element elementor-element-e182f14 elementor-widget elementor-widget-heading\" data-id=\"e182f14\" data-element_type=\"widget\" data-widget_type=\"heading.default\">\n\t\t\t\t\t<h2 class=\"elementor-heading-title elementor-size-default\">Profesionales Cualificados<\/h2>\t\t\t\t<\/div>\n\t\t\t\t<\/div>\n\t\t\t\t\t<\/div>\n\t\t\t\t<\/div>\n\t\t<div class=\"elementor-element elementor-element-bf687a4 e-flex e-con-boxed e-con e-parent\" data-id=\"bf687a4\" data-element_type=\"container\" data-settings=\"{&quot;background_background&quot;:&quot;classic&quot;}\">\n\t\t\t\t\t<div class=\"e-con-inner\">\n\t\t<div class=\"elementor-element elementor-element-d48d518 e-con-full e-flex e-con e-child\" data-id=\"d48d518\" data-element_type=\"container\">\n\t\t\t\t<div class=\"elementor-element elementor-element-9f2e93f elementor-widget elementor-widget-image\" data-id=\"9f2e93f\" data-element_type=\"widget\" data-widget_type=\"image.default\">\n\t\t\t\t\t\t\t\t\t\t\t\t\t\t\t<img fetchpriority=\"high\" decoding=\"async\" width=\"750\" height=\"422\" src=\"https:\/\/desguaceselcamponpravia.com\/wp-content\/uploads\/2025\/12\/IMG_5037-1024x576.jpg\" class=\"attachment-large size-large wp-image-115\" alt=\"\" srcset=\"https:\/\/desguaceselcamponpravia.com\/wp-content\/uploads\/2025\/12\/IMG_5037-1024x576.jpg 1024w, https:\/\/desguaceselcamponpravia.com\/wp-content\/uploads\/2025\/12\/IMG_5037-300x169.jpg 300w, https:\/\/desguaceselcamponpravia.com\/wp-content\/uploads\/2025\/12\/IMG_5037-768x432.jpg 768w, https:\/\/desguaceselcamponpravia.com\/wp-content\/uploads\/2025\/12\/IMG_5037-1536x864.jpg 1536w, https:\/\/desguaceselcamponpravia.com\/wp-content\/uploads\/2025\/12\/IMG_5037-2048x1152.jpg 2048w\" sizes=\"(max-width: 750px) 100vw, 750px\" \/>\t\t\t\t\t\t\t\t\t\t\t\t\t\t\t<\/div>\n\t\t\t\t<\/div>\n\t\t<div class=\"elementor-element elementor-element-d404997 e-con-full e-flex e-con e-child\" data-id=\"d404997\" data-element_type=\"container\">\n\t\t\t\t<div class=\"elementor-element elementor-element-db7e788 elementor-widget elementor-widget-image\" data-id=\"db7e788\" data-element_type=\"widget\" data-widget_type=\"image.default\">\n\t\t\t\t\t\t\t\t\t\t\t\t\t\t\t<img decoding=\"async\" width=\"750\" height=\"422\" src=\"https:\/\/desguaceselcamponpravia.com\/wp-content\/uploads\/2025\/12\/IMG_5173-1024x576.jpg\" class=\"attachment-large size-large wp-image-132\" alt=\"\" srcset=\"https:\/\/desguaceselcamponpravia.com\/wp-content\/uploads\/2025\/12\/IMG_5173-1024x576.jpg 1024w, https:\/\/desguaceselcamponpravia.com\/wp-content\/uploads\/2025\/12\/IMG_5173-300x169.jpg 300w, https:\/\/desguaceselcamponpravia.com\/wp-content\/uploads\/2025\/12\/IMG_5173-768x432.jpg 768w, https:\/\/desguaceselcamponpravia.com\/wp-content\/uploads\/2025\/12\/IMG_5173-1536x864.jpg 1536w, https:\/\/desguaceselcamponpravia.com\/wp-content\/uploads\/2025\/12\/IMG_5173-2048x1152.jpg 2048w\" sizes=\"(max-width: 750px) 100vw, 750px\" \/>\t\t\t\t\t\t\t\t\t\t\t\t\t\t\t<\/div>\n\t\t\t\t<\/div>\n\t\t\t\t\t<\/div>\n\t\t\t\t<\/div>\n\t\t<div class=\"elementor-element elementor-element-fe5e781 e-flex e-con-boxed e-con e-parent\" data-id=\"fe5e781\" data-element_type=\"container\">\n\t\t\t\t\t<div class=\"e-con-inner\">\n\t\t\t\t<div class=\"elementor-element elementor-element-399e8d3 elementor-widget elementor-widget-heading\" data-id=\"399e8d3\" data-element_type=\"widget\" data-widget_type=\"heading.default\">\n\t\t\t\t\t<h2 class=\"elementor-heading-title elementor-size-default\">REPUESTOS PARA TODOS LAS MARCAS Y MODELOS<\/h2>\t\t\t\t<\/div>\n\t\t\t\t\t<\/div>\n\t\t\t\t<\/div>\n\t\t<div class=\"elementor-element elementor-element-d5501ec e-flex e-con-boxed e-con e-parent\" data-id=\"d5501ec\" data-element_type=\"container\">\n\t\t\t\t\t<div class=\"e-con-inner\">\n\t\t<div class=\"elementor-element elementor-element-a609333 e-con-full e-flex e-con e-child\" data-id=\"a609333\" data-element_type=\"container\">\n\t\t\t\t<div class=\"elementor-element elementor-element-67d95c2 elementor-widget elementor-widget-image\" data-id=\"67d95c2\" data-element_type=\"widget\" data-widget_type=\"image.default\">\n\t\t\t\t\t\t\t\t\t\t\t\t\t\t\t<img decoding=\"async\" width=\"461\" height=\"179\" src=\"https:\/\/desguaceselcamponpravia.com\/wp-content\/uploads\/2025\/12\/rep.jpg\" class=\"attachment-large size-large wp-image-151\" alt=\"\" srcset=\"https:\/\/desguaceselcamponpravia.com\/wp-content\/uploads\/2025\/12\/rep.jpg 461w, https:\/\/desguaceselcamponpravia.com\/wp-content\/uploads\/2025\/12\/rep-300x116.jpg 300w\" sizes=\"(max-width: 461px) 100vw, 461px\" \/>\t\t\t\t\t\t\t\t\t\t\t\t\t\t\t<\/div>\n\t\t\t\t<\/div>\n\t\t<div class=\"elementor-element elementor-element-5b7d0b3 e-con-full e-flex e-con e-child\" data-id=\"5b7d0b3\" data-element_type=\"container\">\n\t\t\t\t<div class=\"elementor-element elementor-element-7226729 elementor-widget elementor-widget-image\" data-id=\"7226729\" data-element_type=\"widget\" data-widget_type=\"image.default\">\n\t\t\t\t\t\t\t\t\t\t\t\t\t\t\t<img loading=\"lazy\" decoding=\"async\" width=\"750\" height=\"422\" src=\"https:\/\/desguaceselcamponpravia.com\/wp-content\/uploads\/2025\/12\/marcas-1024x576.jpg\" class=\"attachment-large size-large wp-image-150\" alt=\"\" srcset=\"https:\/\/desguaceselcamponpravia.com\/wp-content\/uploads\/2025\/12\/marcas-1024x576.jpg 1024w, https:\/\/desguaceselcamponpravia.com\/wp-content\/uploads\/2025\/12\/marcas-300x169.jpg 300w, https:\/\/desguaceselcamponpravia.com\/wp-content\/uploads\/2025\/12\/marcas-768x432.jpg 768w, https:\/\/desguaceselcamponpravia.com\/wp-content\/uploads\/2025\/12\/marcas-1536x864.jpg 1536w, https:\/\/desguaceselcamponpravia.com\/wp-content\/uploads\/2025\/12\/marcas.jpg 1600w\" sizes=\"(max-width: 750px) 100vw, 750px\" \/>\t\t\t\t\t\t\t\t\t\t\t\t\t\t\t<\/div>\n\t\t\t\t<\/div>\n\t\t\t\t\t<\/div>\n\t\t\t\t<\/div>\n\t\t<div class=\"elementor-element elementor-element-192f59e e-flex e-con-boxed e-con e-parent\" data-id=\"192f59e\" data-element_type=\"container\" data-settings=\"{&quot;background_background&quot;:&quot;classic&quot;}\">\n\t\t\t\t\t<div class=\"e-con-inner\">\n\t\t<div class=\"elementor-element elementor-element-c5bf375 e-con-full e-flex e-con e-child\" data-id=\"c5bf375\" data-element_type=\"container\">\n\t\t\t\t<div class=\"elementor-element elementor-element-41bb18e elementor-widget__width-initial elementor-widget elementor-widget-text-editor\" data-id=\"41bb18e\" data-element_type=\"widget\" data-widget_type=\"text-editor.default\">\n\t\t\t\t\t\t\t\t\t<div id=\"comp-il5csysb\" class=\"Z_l5lU MMl86N zQ9jDz qvSjx3 Vq6kJx comp-il5csysb wixui-rich-text\" data-testid=\"richTextElement\"><h6 class=\"font_6 wixui-rich-text__text\"><span style=\"color: #ffffff;\"><strong><span class=\"color_13 wixui-rich-text__text\"><span class=\"wixui-rich-text__text\">NUESTROS SERVICIOS<\/span><\/span><\/strong><\/span><\/h6><\/div><div id=\"comp-il5csysr\" class=\"Z_l5lU MMl86N zQ9jDz qvSjx3 Vq6kJx comp-il5csysr wixui-rich-text\" data-testid=\"richTextElement\"><p class=\"font_8 wixui-rich-text__text\"><span class=\"color_13 wixui-rich-text__text\" style=\"color: #ffffff;\">&#8211; Repuestos<\/span><\/p><p class=\"font_8 wixui-rich-text__text\"><span class=\"color_13 wixui-rich-text__text\" style=\"color: #ffffff;\">&#8211; Compra de vehiculos<\/span><\/p><p class=\"font_8 wixui-rich-text__text\"><span class=\"color_13 wixui-rich-text__text\" style=\"color: #ffffff;\">&#8211; Gestion de residuos<\/span><\/p><p class=\"font_8 wixui-rich-text__text\"><span class=\"color_13 wixui-rich-text__text\" style=\"color: #ffffff;\">&#8211; Baja de Vehiculos<\/span><\/p><\/div>\t\t\t\t\t\t\t\t<\/div>\n\t\t\t\t<\/div>\n\t\t<div class=\"elementor-element elementor-element-2be6d3b e-con-full e-flex e-con e-child\" data-id=\"2be6d3b\" data-element_type=\"container\">\n\t\t\t\t<div class=\"elementor-element elementor-element-f216b4f elementor-widget elementor-widget-text-editor\" data-id=\"f216b4f\" data-element_type=\"widget\" data-widget_type=\"text-editor.default\">\n\t\t\t\t\t\t\t\t\t<div id=\"comp-il5csysb\" class=\"Z_l5lU MMl86N zQ9jDz qvSjx3 Vq6kJx comp-il5csysb wixui-rich-text\" data-testid=\"richTextElement\"><h6 class=\"font_6 wixui-rich-text__text\"><span style=\"color: #ffffff;\">MAS DE 25 A\u00d1OS DE EXPERIENCIA<\/span><\/h6><\/div>\t\t\t\t\t\t\t\t<\/div>\n\t\t\t\t<\/div>\n\t\t\t\t\t<\/div>\n\t\t\t\t<\/div>\n\t\t\t\t<\/div>\n\t\t","protected":false},"excerpt":{"rendered":"<p>REPUESTOS Disponemos de un grand\u00edsimo cat\u00e1logo de repuestos de todas las marcas y modelos SERVICIO DE REPARTO Contamos con varios veh\u00edculos para el reparto de todos de nuestros recambios GESTION DE RESIDUOS Reciclamos todos los elementos que pueden ser nocivos para el medio ambiente: Aceites, \u00e1cidos. VEN Y VISITANOS https:\/\/youtu.be\/L&#8211;TOcDrl34?si=yes63ECVuUebpUy7 [&hellip;]<\/p>\n","protected":false},"author":1,"featured_media":0,"parent":0,"menu_order":0,"comment_status":"closed","ping_status":"closed","template":"","meta":{"_themeisle_gutenberg_block_has_review":false,"footnotes":""},"class_list":["post-50","page","type-page","status-publish","hentry"],"_links":{"self":[{"href":"https:\/\/desguaceselcamponpravia.com\/index.php\/wp-json\/wp\/v2\/pages\/50","targetHints":{"allow":["GET"]}}],"collection":[{"href":"https:\/\/desguaceselcamponpravia.com\/index.php\/wp-json\/wp\/v2\/pages"}],"about":[{"href":"https:\/\/desguaceselcamponpravia.com\/index.php\/wp-json\/wp\/v2\/types\/page"}],"author":[{"embeddable":true,"href":"https:\/\/desguaceselcamponpravia.com\/index.php\/wp-json\/wp\/v2\/users\/1"}],"replies":[{"embeddable":true,"href":"https:\/\/desguaceselcamponpravia.com\/index.php\/wp-json\/wp\/v2\/comments?post=50"}],"version-history":[{"count":87,"href":"https:\/\/desguaceselcamponpravia.com\/index.php\/wp-json\/wp\/v2\/pages\/50\/revisions"}],"predecessor-version":[{"id":293,"href":"https:\/\/desguaceselcamponpravia.com\/index.php\/wp-json\/wp\/v2\/pages\/50\/revisions\/293"}],"wp:attachment":[{"href":"https:\/\/desguaceselcamponpravia.com\/index.php\/wp-json\/wp\/v2\/media?parent=50"}],"curies":[{"name":"wp","href":"https:\/\/api.w.org\/{rel}","templated":true}]}}